{"id":174,"date":"2020-04-18T20:31:54","date_gmt":"2020-04-18T23:31:54","guid":{"rendered":"https:\/\/www.voarteatrodebonecos.com.br\/ciateatro\/?page_id=174"},"modified":"2020-04-18T21:26:02","modified_gmt":"2020-04-19T00:26:02","slug":"cursos","status":"publish","type":"page","link":"https:\/\/www.voarteatrodebonecos.com.br\/ciateatro\/?page_id=174","title":{"rendered":"Cursos"},"content":{"rendered":"\n<div class=\"wp-block-themeisle-blocks-advanced-columns has-1-columns has-desktop-equal-layout has-tablet-equal-layout has-mobile-equal-layout has-default-gap has-vertical-unset\" id=\"wp-block-themeisle-blocks-advanced-columns-2060f411\"><div class=\"wp-block-themeisle-blocks-advanced-columns-overlay\"><\/div><div class=\"innerblocks-wrap\">\n<div class=\"wp-block-themeisle-blocks-advanced-column\" id=\"wp-block-themeisle-blocks-advanced-column-dcdf5d72\">\n<p style=\"text-align:left\">O grupo Voar arte para a inf\u00e2ncia e juventude possui como um de seus\nvalores institucionais a <strong>inclus\u00e3o de\npessoas <\/strong>e n\u00f3s acreditamos que a melhor forma de fazer isso \u00e9 por interm\u00e9dio\ndo <strong>aprendizado de novos conhecimentos. <\/strong>N\u00f3s\napoiamos diversas iniciativas em escolas parceiras, ofertando cursos de teatro,\nm\u00fasica, cursos tecnol\u00f3gicos e de empreendedorismo. Tamb\u00e9m realizamos estes\ncursos em nossa sede. <strong>Acompanhe nossa\nagenda de cursos.<\/strong> Os pre\u00e7os s\u00e3o populares e todos os cursos possuem um\nn\u00famero de vagas sociais destinadas a pessoas que no momento n\u00e3o poderiam\ncontribuir financeiramente com a capacita\u00e7\u00e3o.<\/p>\n<\/div>\n<\/div><\/div>\n","protected":false},"excerpt":{"rendered":"","protected":false},"author":1,"featured_media":65,"parent":0,"menu_order":0,"comment_status":"closed","ping_status":"closed","template":"","meta":{"ngg_post_thumbnail":0},"_links":{"self":[{"href":"https:\/\/www.voarteatrodebonecos.com.br\/ciateatro\/index.php?rest_route=\/wp\/v2\/pages\/174"}],"collection":[{"href":"https:\/\/www.voarteatrodebonecos.com.br\/ciateatro\/index.php?rest_route=\/wp\/v2\/pages"}],"about":[{"href":"https:\/\/www.voarteatrodebonecos.com.br\/ciateatro\/index.php?rest_route=\/wp\/v2\/types\/page"}],"author":[{"embeddable":true,"href":"https:\/\/www.voarteatrodebonecos.com.br\/ciateatro\/index.php?rest_route=\/wp\/v2\/users\/1"}],"replies":[{"embeddable":true,"href":"https:\/\/www.voarteatrodebonecos.com.br\/ciateatro\/index.php?rest_route=%2Fwp%2Fv2%2Fcomments&post=174"}],"version-history":[{"count":2,"href":"https:\/\/www.voarteatrodebonecos.com.br\/ciateatro\/index.php?rest_route=\/wp\/v2\/pages\/174\/revisions"}],"predecessor-version":[{"id":198,"href":"https:\/\/www.voarteatrodebonecos.com.br\/ciateatro\/index.php?rest_route=\/wp\/v2\/pages\/174\/revisions\/198"}],"wp:featuredmedia":[{"embeddable":true,"href":"https:\/\/www.voarteatrodebonecos.com.br\/ciateatro\/index.php?rest_route=\/wp\/v2\/media\/65"}],"wp:attachment":[{"href":"https:\/\/www.voarteatrodebonecos.com.br\/ciateatro\/index.php?rest_route=%2Fwp%2Fv2%2Fmedia&parent=174"}],"curies":[{"name":"wp","href":"https:\/\/api.w.org\/{rel}","templated":true}]}}